 = -3*q + 2*p + 8. What is the remainder when u is divided by q?
6
Suppose 4*q + 10 - 26 = 0. Suppose 2 + 18 = -q*f, -h = 5*f + 9. What is the remainder when 77 is divided by h?
13
Let x = 30 - 15. What is the remainder when 42 is divided by x?
12
Let l(k) = -k**3 + 8*k**2 - 4*k - 8. Suppose 2*d + v = 15, 38 = 8*d - 3*d + 3*v. Calculate the remainder when l(d) is divided by 4.
1
Let k = -33 - -52. Let l be (-1 + -88)/(4 - 5). Suppose 3*q + 3*c = q + l, -4*q = -3*c - 133. Calculate the remainder when q is divided by k.
18
Suppose -4*o + 5 = w - 16, 5*w = 4*o + 33. Let x = -34 - -60. Calculate the remainder when x is divided by w.
8
Suppose -3*x - j = -13, -2*x = -0*x - 2*j + 2. Suppose -4*i + 11 = -x*i. What is the remainder when 33 + 1/(-1) + -1 is divided by i?
9
Suppose 2*p - 3*q = p + 27, p - 25 = q. Let l = -3 + 15. What is the remainder when (11/(-4))/((-2)/p) is divided by l?
9
Let c = 46 - 32. Calculate the remainder when c is divided by 3.
2
Let n(u) be the third derivative of u**5/30 + u**4/6 - u**3 + 6*u**2. Calculate the remainder when n(4) is divided by 15.
12
Suppose -1232 = -8*v - 3*v. Calculate the remainder when v is divided by 19.
17
Suppose 5*c + 0*c - 20 = 0. Suppose c*w + 11 = 47. Suppose -5*f = 3*t - 100, -4*t = -4*f - 50 - 30. What is the remainder when t is divided by w?
7
Let m(r) = -r**2 + 9*r - 5. Let l be m(9). Suppose 3*h + 5*t = 59, 8*h - 3*h - 3*t - 155 = 0. What is the remainder when 17 is divided by (-2)/l + h/5?
5
Let j = 2 + 8. Let i = 54 - 26. Calculate the remainder when i is divided by j.
8
What is the remainder when 27 is divided by 3/9 + (-1 - (-188)/12)?
12
Let p = 24 + -60. Let f(z) = z + 18. Calculate the remainder when -1 - (-3 - -4)*p is divided by f(0).
17
Let o(z) = 2*z**3 - 2*z**2 + 3*z - 2. Let g be o(2). Let i = 19 + -12. Calculate the remainder when (-1)/2 - (-246)/g is divided by i.
6
Suppose 0 = 2*v + 10 - 26. Calculate the remainder when 29 is divided by v.
5
Let k = 4 - -1. Suppose -k*d + 334 = -46. Calculate the remainder when d is divided by 26.
24
Suppose 0 = 4*t - 264 + 696. Let z = t + 161. Calculate the remainder when z is divided by 14.
11
Suppose -4*h = -0*h. Suppose 2*r - 2*a - 40 = h, r - 3 = -2*a + 14. Let z(k) = 2*k**3 - 2*k**2. Calculate the remainder when z(3) is divided by r.
17
Let c(s) = -s**3 - 2*s**2 + 2*s - 1. Calculate the remainder when c(-4) is divided by 13.
10
Let h(d) = d**2 + 0 + 2 - 7. Calculate the remainder when h(-5) is divided by 11.
9
Let k(m) = m**3 - 3*m**2 + 2*m + 1. Calculate the remainder when 18 is divided by k(3).
4
Suppose -5*s + 3*i + 0*i + 46 = 0, 2*s - 8 = -4*i. Let l be (24/(-10))/(6/20). Let n = 13 + l. Calculate the remainder when s is divided by n.
3
Suppose 2*m + 2*m - 64 = -4*n, 3*n = -m + 38. Suppose x - n + 3 = 0. Suppose 17 + x = a. What is the remainder when a is divided by 9?
7
Suppose 6*a - 13 = 197. Calculate the remainder when 67 is divided by a.
32
Suppose -9*s + 13*s - 96 = 0. What is the remainder when s is divided by 13?
11
Let a = 52 - 18. Calculate the remainder when a is divided by 12.
10
Let b(m) = m**3 - 6*m**2 - m + 6. Let z be b(6). Suppose -4*n + z*n + 24 = 0. Calculate the remainder when n is divided by 3.
0
Suppose 5*d - 8 = 27. Calculate the remainder when (-910)/(-45) - 6/27 is divided by d.
6
Suppose -9*z = -5*z - 8. Suppose 48 = 4*l - 4*k, 0 = l + z*l - 2*k - 32. Let r(t) = 11*t - 4. Calculate the remainder when r(3) is divided by l.
5
Let d = -6 + 24. Calculate the remainder when 53 is divided by d.
17
Let f = 7 + 12. What is the remainder when 57 is divided by (f - 1) + (-12 - -9)?
12
Suppose 3*c = c + 30. Suppose -4*u = -3*k + 5*k - 58, -55 = -2*k - u. Let f = k - -2. Calculate the remainder when f is divided by c.
14
Let z = -7 - 14. Let m = 42 + z. Let l = 33 - m. What is the remainder when 23 is divided by l?
11
Let k = 6 + 164. Calculate the remainder when k is divided by 43.
41
Suppose -56 = 11*x - 188. What is the remainder when 91 is divided by x?
7
Let h(c) = -c**2 + 5*c + 11. Calculate the remainder when 13 is divided by h(6).
3
Let s be 6/(-15) + 274/10. Suppose 3*x + 6 = s. What is the remainder when 12 is divided by x?
5
Let z(v) = v**3 + v**2 + v. Let y(d) = -3*d**3 - 15*d**2 - d + 10. Let m(a) = -y(a) - 2*z(a). What is the remainder when 11 is divided by m(-13)?
2
Let h = -26 - -69. What is the remainder when h is divided by 15?
13
Let y be 3/12 - (-19)/4. Suppose d = -5 - 0, -y*o - 4*d = -35. Calculate the remainder when 21 is divided by o.
10
Let p(h) = -3*h - 1. Let k(m) = -7*m - 3. Let w(y) = 2*k(y) - 5*p(y). What is the remainder when 15 is divided by w(9)?
7
Suppose -u + 2*u = h - 7, 5*u + 75 = -3*h. Let y be (-2 + 3)*2/(-2). Let g = y - u. What is the remainder when 32 is divided by g?
10
Suppose -3*c + 8*c - z = 65, -4*c - z = -43. Calculate the remainder when 44 is divided by c.
8
Let q = -17 + 29. Calculate the remainder when 26 is divided by q.
2
Let w = -8 - -13. Suppose -w*f = -3*c - c + 63, c + 3*f - 3 = 0. Let s = 5 + 16. What is the remainder when s is divided by c?
9
Suppose 3 = 4*c - 13. Calculate the remainder when 16 is divided by ((-36)/(-27))/(c/18).
4
Suppose 5*j - 135 - 15 = 0. Calculate the remainder when 56 is divided by j.
26
Let h = 6 + -4. Suppose -h*c = -3*c + 17. What is the remainder when c is divided by 9?
8
Suppose -5*k = -2*l - 115, -l + 60 = 3*k - 4*l. Suppose f = -0*f + k. What is the remainder when f is divided by 13?
12
Let x(w) = 2*w**2 - 5. Let i be x(7). Let d = i + -42. Calculate the remainder when d is divided by 9.
6
Let b(r) = 4*r + 8. Calculate the remainder when b(5) is divided by 8.
4
Let f(b) = b**3 + 2*b**2 - 2*b + 1. Let v be f(1). Calculate the remainder when (4 - v)*16*1 is divided by 11.
10
Let w(t) = -5*t**3 + 4*t**2 - 6. Calculate the remainder when w(-3) is divided by 42.
39
Let c be 1*-3*(-1)/1. Suppose 5*f = 4*n - 49, -5*f - 58 = -c*n - 20. Let r(j) = j**3 + j**2 - 4*j + 6. Calculate the remainder when r(3) is divided by n.
8
Let w = 5 - 2. Suppose -52 = -w*l - l. What is the remainder when (-3 - 0)*-13 - 1 is divided by l?
12
Let w = 33 - 5. Suppose 5*l + 2*f = 103, -3*f - w = -l - 4. Calculate the remainder when 61 is divided by l.
19
Suppose f - 7 + 5 = 0. Suppose 3*o + f*q + 3*q = 71, 3*o = 2*q + 43. Let x(r) = -r**3 - 7*r**2 - 7*r. Calculate the remainder when x(-7) is divided by o.
15
Let d = -4 + 9. Suppose 60 = -x + 5*r, -7 = d*r + 13. Let a = -46 - x. What is the remainder when a is divided by 12?
10
Let t(w) = -w**3 + 20*w**2 - 37*w + 25. Calculate the remainder when 24 is divided by t(18).
3
Suppose -4*y = -4*h + 68, -87 = -3*h - 3*y - 18. Let b = -30 - -88. Calculate the remainder when b is divided by h.
18
Let x(j) = -j**2 + 5*j + 32. Suppose -u + 6 = -3*m, -m = 3*u + m - 51. What is the remainder when u is divided by x(8)?
7
Suppose -3*o - 2*f + 80 = -8*o, 4*f - 34 = o. Let u(k) = k**3 + 13*k**2 - 14*k + 16. Calculate the remainder when 44 is divided by u(o).
12
Suppose 3*q - 96 = 5*m, -3*m - 150 = -5*q + 2*m. What is the remainder when 22 is divided by (-6)/q + (-222)/(-27)?
6
Let p(a) = -a**3 + 11*a**2 - 10*a + 15. Let s be p(10). Calculate the remainder when (-10)/s - (-89)/3 is divided by 16.
13
What is the remainder when 5/(((-75)/(-6))/5) is divided by 1?
0
Let m(p) = -2*p**2 + 17*p - 4. Calculate the remainder when m(8) is divided by 4.
0
Suppose -4*d + 6*d = 6. Suppose -2*c = 2*v + v - 26, 0 = -d*c + 4*v + 22. Suppose n = f - 4*n - 9, -n + 15 = 4*f. What is the remainder when c is divided by f?
2
Calculate the remainder when 978/5 + (14/10 - 1) is divided by 50.
46
Suppose -6*k + 741 = 99. What is the remainder when k is divided by 22?
19
Let k(u) = 64*u**3 + 2*u**2 - u. What is the remainder when k(1) is divided by 22?
21
Suppose 4*j + j + 18 = -2*b, j - 4*b = -8. Let x be (-3 - (-2)/j)*12. Let r = x - -59. What is the remainder when 49 is divided by r?
15
Suppose -q + 5*u = 6, -q + 0*u = 4*u - 39. Calculate the remainder when 55 is divided by q.
17
Suppose 12*k - 6*k = 30. Let f(y) = -4*y - 15. What is the remainder when f(-8) is divided by k?
2
Let l = -64 - -87. Calculate the remainder when l is divided by 6.
5
Suppose -182 = -8*h + 138. What is the remainder when h is divided by 14?
12
Suppose 5*i = -4*o + 82